en 35 is divided by i(2).
5
Suppose -4*v - 19 + 67 = 0. What is the remainder when 43 is divided by v?
7
Suppose -3*u + 75 = -21. Calculate the remainder when u is divided by 12.
8
Suppose -77 = -x + 5*a, 2*x + 5*a + 241 = 5*x. Calculate the remainder when x is divided by 12.
10
Let p = 290 - 205. What is the remainder when p is divided by 18?
13
Let y = -55 + 114. Suppose -y - 26 = -a. What is the remainder when a is divided by 22?
19
Suppose -5*n = 3*y - 8*y - 180, -3*n = -2*y - 104. Calculate the remainder when n is divided by 7.
4
Let i(y) = -8*y + 1. Calculate the remainder when 56/12 - 4 - 291/(-9) is divided by i(-1).
6
Suppose 5*q = -19 - 11. Let o be (-5 - -3)*q/(-4). What is the remainder when (o/9)/(2/(-78)) is divided by 7?
6
Let f(p) = p**3 - p**2 + 96. Let z be f(0). Suppose -2*m + z = m. Suppose -3*n = n - m. What is the remainder when n is divided by 3?
2
Let c(v) = v**2 - 8*v + 8. Let s be c(6). What is the remainder when (-52)/39*42/s is divided by 4?
2
Let k be ((-10)/15)/((-1)/117). Suppose 5*m + k = 7*m. What is the remainder when m is divided by 20?
19
Let r(a) = a + 2. Calculate the remainder when 26 is divided by r(5).
5
Let d(g) = 3 - 3*g**2 - 3*g**3 - 3. Let q(v) = -7*v - 1. What is the remainder when q(-5) is divided by d(-2)?
10
Suppose i + 3*i - 82 = -2*d, 140 = 4*d + 2*i. Calculate the remainder when 98 is divided by d.
32
Let l(x) be the second derivative of 1/12*x**4 - 7/2*x**2 + 3*x + 1/3*x**3 + 0. Calculate the remainder when 23 is divided by l(-5).
7
What is the remainder when 6 is divided by (27/(-15) + 2)/((-3)/(-15))?
0
Let q = 25 + -20. Suppose 232 = q*z - 28. What is the remainder when z is divided by 18?
16
Suppose 902 = 3*t + 362. Suppose 4*d - t = -0*d. What is the remainder when d is divided by 16?
13
Let p(i) = 3*i**2 + 4*i + 4. Suppose 3*c - 227 = 2*c. Suppose w = -3*w + 3*j + c, -5*j = -2*w + 117. Calculate the remainder when w is divided by p(-3).
18
Let q(j) = j**2 - 5*j - 8. Let r be q(7). Suppose -2*p = -r*p + 80. What is the remainder when 36 is divided by p?
16
Suppose 0*r + 25 = -3*p - 5*r, 0 = -3*p - r - 5. Suppose -3*g + v + 2 = -v, p = -5*g - 3*v + 16. What is the remainder when 25 is divided by (1 - (-20)/g) + -2?
7
Suppose 2*i + 2*v + 1 = 23, 4*i = -v + 35. Let p(j) = 13*j**2 + 1. Calculate the remainder when p(-1) is divided by i.
6
Suppose 5*i + h = 6*h + 10, h = 5*i - 22. Let f(x) = x**3 - 5*x**2 + 3*x - 2. What is the remainder when (-1 + 3)*(-25)/(-2) is divided by f(i)?
12
Let w be (2*-2)/(2/(-3)). Let z(b) = -b**2 + 3*b + 1. Let f be z(3). Calculate the remainder when 35 is divided by (-9)/(-6)*w*f.
8
Let i be (42/(-9) + 0)*-3. Let v = i + -20. Let p = v - -18. Calculate the remainder when p is divided by 7.
5
Let t(a) = a + 7. Calculate the remainder when t(5) is divided by 5.
2
Suppose -4*u = -2*g + 22, 4*g + 0*u - u = 72. What is the remainder when 32 is divided by g?
13
Let n = -2 + 9. Let y = n + 3. What is the remainder when y is divided by 3?
1
Let n(v) = -v**2 + 3*v + 4. Calculate the remainder when 13 is divided by n(3).
1
Let t(p) = -8*p**3 - 2*p**2 - 2*p + 3. Let g(s) = -7*s**3 - 2*s**2 - 2*s + 3. Let y(f) = 6*g(f) - 5*t(f). What is the remainder when y(-3) is divided by 16?
13
Let v(k) = -k**2 - 7*k. Let h(r) = -3*r**2 - 20*r + 1. Let d(u) = -3*h(u) + 8*v(u). Calculate the remainder when d(-5) is divided by 1.
0
Let o(c) = -c**3 - 4*c**2 - 6*c - 4. Let x be o(-4). Suppose -x = -3*g + g. Let u = 44 - g. What is the remainder when u is divided by 9?
7
What is the remainder when 78 is divided by (50/1)/(-5)*-2?
18
Let y = 552 - 392. What is the remainder when y is divided by 18?
16
Let h(b) = -b**2 - 5*b - 1. Let t be h(-4). Let v = t + -5. Let z = v - -5. Calculate the remainder when 9 is divided by z.
0
Suppose -5*g + 3*h + 148 = 0, 0 = 4*g + 4*h - 172 + 28. Let x = 8 - 5. Suppose 0 = c - x*c + 34. Calculate the remainder when g is divided by c.
15
Let u(s) = s**2 + 2*s - 3. Suppose 3*y + 13 = 3*c + 1, 3*c + 4*y = 12. Let w be c/(16/3)*4. What is the remainder when 34 is divided by u(w)?
10
Suppose 5*j - u = 80, -2*j - 4*u + 88 = 2*j. Calculate the remainder when j is divided by 2/6 - 68/(-12).
5
Suppose 6*d - 8*d + 86 = 0. What is the remainder when d is divided by 11?
10
Suppose 5*u - 234 = -84. What is the remainder when u is divided by 20?
10
Let k = -36 + 88. Let m = -30 + k. Suppose 3*h = v + 28, -2*h - v = 2*v - 4. What is the remainder when m is divided by h?
6
Let p(n) = -n**2 - 11*n + 15. Calculate the remainder when 83 is divided by p(-7).
40
Let i be (-18)/(-117) - (-54)/(-13). What is the remainder when -49*(0 - (-3 - i)) is divided by 25?
24
Suppose 0 = -12*s + 4*s + 664. What is the remainder when s is divided by 29?
25
Let g(h) = h**3 + 8*h**2 + 7*h - 9. What is the remainder when 61 is divided by g(-6)?
19
Suppose 0 - 12 = -b. Let f be ((-4)/8)/((-3)/b). Suppose f*o - 2 = 4. What is the remainder when o is divided by 1?
0
Let z(s) = s + 6*s + 3 - 2 - 4*s. Calculate the remainder when (3*-1)/(6/(-20)) is divided by z(1).
2
Let x = -2 + 7. Calculate the remainder when (-1)/(-1) + 5 + 2 is divided by x.
3
Let o(y) = -y**3 - 3*y**2 + y + 7. Calculate the remainder when 55 is divided by o(-4).
17
Suppose -31 = -n + 3*a + 5, 0 = -3*n - 5*a + 94. Calculate the remainder when n is divided by ((-3)/9)/((-2)/102).
16
Let g(n) = -n**2 + 6*n + 3. Let a(l) = 32 + 0*l - 3 - 7 + l. What is the remainder when a(-9) is divided by g(5)?
5
Suppose 0 = 3*g - 31 - 2. Calculate the remainder when g is divided by 4.
3
Let y = 14 - 29. Let h = y - -23. Calculate the remainder when 30 is divided by h.
6
Suppose -2*v + 3*l = -0*l - 16, -22 = -v + 5*l. Suppose 0 = d + v - 6. What is the remainder when d is divided by 2?
0
Let i(y) = 8*y - 14. Suppose 3*w - 52 + 3 = 4*j, 2*w - 66 = -4*j. What is the remainder when i(10) is divided by w?
20
Let g = -10 - -20. Calculate the remainder when 27 is divided by g.
7
Let t be (-2)/8 + (-23)/4. Let z(b) = -b**3 - 4*b**2 + 5*b - 4. Calculate the remainder when z(t) is divided by 13.
12
Let z(m) = 2*m - 12. Let t(k) = k - 6. Let r(j) = -13*t(j) + 6*z(j). What is the remainder when 34 is divided by r(-6)?
10
Let v(w) = -w**3 + 5*w**2 - 6*w. Let s be v(3). Let r(m) = 5*m**3 + 2*m**2 - m. Let z be r(1). Calculate the remainder when 23 is divided by -2*(s - 1)*z.
11
Let u be (-12)/42 + 522/14. Let g = -13 + u. Calculate the remainder when g is divided by 9.
6
Suppose -4*q - 5*s = 7, -q - s - 11 = 3*q. Suppose -95 = -5*t + 5*n, -n + 77 = 5*t - 0*n. Let y = t + q. What is the remainder when y is divided by 5?
3
Suppose 31 - 10 = 3*k. Let h(t) = -2*t + 53. Calculate the remainder when h(17) is divided by k.
5
Let c = 42 + -24. Let m = -188 + 258. What is the remainder when m is divided by c?
16
Let i(q) = -3*q**3 - 3*q**2. Let a be i(-4). Let h = 215 - a. Suppose 99 = 4*s + 3*m, -3*s - 2*m + 4*m = -70. Calculate the remainder when h is divided by s.
23
Suppose 2 = -l + 5*y + 22, -3*l + 34 = -2*y. Calculate the remainder when 18 is divided by l.
8
Suppose -6 = -h + 5*o, 2*o = -3*h + 7*o + 18. Calculate the remainder when 9 is divided by h.
3
Suppose -h + 25 = -j, -h + 2*j + 3*j + 41 = 0. Calculate the remainder when 61 is divided by h.
19
Let h(z) = 4*z - 35. Let a(r) = -2*r + 17. Let f(n) = -9*a(n) - 4*h(n). Calculate the remainder when 19 is divided by f(12).
8
Let b(s) = -s + 1. Let z be b(-3). Let j(n) = -n + 8. Let l be j(z). Suppose -t = t - l. Calculate the remainder when 4 is divided by t.
0
Let q be (4 + 0)*(-10)/(-1). Suppose 4*u - 3*y = -6*y + 20, 0 = -4*u + 2*y + q. What is the remainder when u is divided by 5?
3
Let u(q) = 11*q**3 + q**2 - q + 1. Calculate the remainder when 46 is divided by u(1).
10
Let d(a) = -a - 2. Let n be d(-5). Suppose -x + n*m + 15 = 0, -x + 2*m + 2*m = -15. What is the remainder when x is divided by 6?
3
Let j be -3 - (2 - 6) - 1. Suppose j = -q + 2*b + 5, -5*q - b + 49 = b. Suppose g = -2 + q. What is the remainder when 20 is divided by g?
6
Suppose 2*i - 53 = -2*o + 13, 5*i - 155 = 5*o. What is the remainder when i is divided by 17?
15
Let f(k) = k**3 - 8*k**2 + 7*k + 1. Let j = 17 + -10. Suppose -2*p + 7 = -x, p + 3*x + 18 = 4*p. Calculate the remainder when f(j) is divided by p.
0
Let w be (-22)/(-6) 